{"version":"1.0","provider_name":"OPC - Orchestre Perpignan Catalogne","provider_url":"https:\/\/ospc.fr","author_name":"admin8521","author_url":"https:\/\/ospc.fr\/index.php\/author\/admin8521\/","title":"Concert \"Requiem Mozaart\" - OPC - Orchestre Perpignan Catalogne","type":"rich","width":600,"height":338,"html":"<blockquote class=\"wp-embedded-content\" data-secret=\"9hFydjxGLQ\"><a href=\"https:\/\/ospc.fr\/index.php\/event\/concert-requiem-mozaart\/\">Concert \u00ab\u00a0Requiem Mozaart\u00a0\u00bb<\/a><\/blockquote><iframe sandbox=\"allow-scripts\" security=\"restricted\" src=\"https:\/\/ospc.fr\/index.php\/event\/concert-requiem-mozaart\/embed\/#?secret=9hFydjxGLQ\" width=\"600\" height=\"338\" title=\"\u00ab\u00a0Concert \u00ab\u00a0Requiem Mozaart\u00a0\u00bb\u00a0\u00bb &#8212; OPC - Orchestre Perpignan Catalogne\" data-secret=\"9hFydjxGLQ\" frameborder=\"0\" marginwidth=\"0\" marginheight=\"0\" scrolling=\"no\" class=\"wp-embedded-content\"><\/iframe><script type=\"text\/javascript\">\n\/* <![CDATA[ *\/\n\/*! This file is auto-generated *\/\n!function(d,l){\"use strict\";l.querySelector&&d.addEventListener&&\"undefined\"!=typeof URL&&(d.wp=d.wp||{},d.wp.receiveEmbedMessage||(d.wp.receiveEmbedMessage=function(e){var t=e.data;if((t||t.secret||t.message||t.value)&&!\/[^a-zA-Z0-9]\/.test(t.secret)){for(var s,r,n,a=l.querySelectorAll('iframe[data-secret=\"'+t.secret+'\"]'),o=l.querySelectorAll('blockquote[data-secret=\"'+t.secret+'\"]'),c=new RegExp(\"^https?:$\",\"i\"),i=0;i<o.length;i++)o[i].style.display=\"none\";for(i=0;i<a.length;i++)s=a[i],e.source===s.contentWindow&&(s.removeAttribute(\"style\"),\"height\"===t.message?(1e3<(r=parseInt(t.value,10))?r=1e3:~~r<200&&(r=200),s.height=r):\"link\"===t.message&&(r=new URL(s.getAttribute(\"src\")),n=new URL(t.value),c.test(n.protocol))&&n.host===r.host&&l.activeElement===s&&(d.top.location.href=t.value))}},d.addEventListener(\"message\",d.wp.receiveEmbedMessage,!1),l.addEventListener(\"DOMContentLoaded\",function(){for(var e,t,s=l.querySelectorAll(\"iframe.wp-embedded-content\"),r=0;r<s.length;r++)(t=(e=s[r]).getAttribute(\"data-secret\"))||(t=Math.random().toString(36).substring(2,12),e.src+=\"#?secret=\"+t,e.setAttribute(\"data-secret\",t)),e.contentWindow.postMessage({message:\"ready\",secret:t},\"*\")},!1)))}(window,document);\n\/\/# sourceURL=https:\/\/ospc.fr\/wp-includes\/js\/wp-embed.min.js\n\/* ]]> *\/\n<\/script>\n","thumbnail_url":"https:\/\/ospc.fr\/wp-content\/uploads\/2026\/02\/REQUIEM-DE-MOZART.jpg","thumbnail_width":1200,"thumbnail_height":1696,"description":"Le chef-d\u2019\u0153uvre absolu de Mozart&nbsp; Ecrit les tous derniers mois de sa vie, Le Requiem est sans conteste possible l\u2019une des \u0153uvres majeures de la musique occidentale, un monument que l\u2019on se pla\u00eet \u00e0 \u00e9couter et r\u00e9\u00e9couter tant il porte toute la force expressive de l\u2019Homme face \u00e0 la mort, [&hellip;]"}

Le chef-d’œuvre absolu de Mozart&nbsp; Ecrit les tous derniers mois de sa vie, Le Requiem est sans conteste possible l’une des œuvres majeures de la musique occidentale, un monument que l’on se plaît à écouter et réécouter tant il porte toute la force expressive de l’Homme face à la mort, [&hellip;]
